{"id":1311,"date":"2019-05-31T18:50:39","date_gmt":"2019-05-31T16:50:39","guid":{"rendered":"http:\/\/omainsdefey.fr\/?page_id=1311"},"modified":"2019-06-03T16:04:27","modified_gmt":"2019-06-03T14:04:27","slug":"sur-mesure","status":"publish","type":"page","link":"https:\/\/omainsdefey.fr\/index.php\/sur-mesure\/","title":{"rendered":"Sur-mesure"},"content":{"rendered":"<p>[vc_row][vc_column width=\u00a0\u00bb1\/3&Prime;][vc_single_image image=\u00a0\u00bb1312&Prime; img_size=\u00a0\u00bblarge\u00a0\u00bb][\/vc_column][vc_column width=\u00a0\u00bb2\/3&Prime;][vc_custom_heading type=\u00a0\u00bbtheme_style\u00a0\u00bb text=\u00a0\u00bbAnniversaires\u00a0\u00bb font_container=\u00a0\u00bbtag:h2|text_align:left|color:%2315ace3&Prime; google_fonts=\u00a0\u00bbfont_family:Montserrat%3Aregular%2C700|font_style:400%20regular%3A400%3Anormal\u00a0\u00bb][vc_column_text]Envie d&rsquo;un <strong>anniversaire pas comme les autres<\/strong> ? F\u00eatez-le dans votre institut de bien-\u00eatre O Mains de Fey !<\/p>\n<p>Nous sommes <strong>\u00e0 l&rsquo;\u00e9coute de toutes vos envies<\/strong> pour faire plaisir \u00e0 l&rsquo;un de vos proches, adulte ou enfant ![\/vc_column_text][\/vc_column][\/vc_row][vc_row][vc_column][vc_empty_space][\/vc_column][\/vc_row][vc_row][vc_column width=\u00a0\u00bb1\/3&Prime;][vc_single_image image=\u00a0\u00bb1313&Prime; img_size=\u00a0\u00bblarge\u00a0\u00bb][\/vc_column][vc_column width=\u00a0\u00bb2\/3&Prime;][vc_custom_heading type=\u00a0\u00bbtheme_style\u00a0\u00bb text=\u00a0\u00bbPersonnalisation pour couples\u00a0\u00bb font_container=\u00a0\u00bbtag:h2|text_align:left|color:%2315ace3&Prime; google_fonts=\u00a0\u00bbfont_family:Montserrat%3Aregular%2C700|font_style:400%20regular%3A400%3Anormal\u00a0\u00bb][vc_column_text]Envie de faire <strong>une surprise \u00e0 votre moiti\u00e9<\/strong> ? Nous sommes \u00e0 l&rsquo;\u00e9coute de toutes vos demandes, m\u00eame les plus folles ! Fleurs, chocolats&#8230;tout est possible \ud83d\ude09<\/p>\n<p>Nous serons <strong>les complices discrets<\/strong> de la d\u00e9licate attention que vous lui r\u00e9serverez&#8230;[\/vc_column_text][\/vc_column][\/vc_row][vc_row][vc_column][vc_empty_space][\/vc_column][\/vc_row]<\/p>\n","protected":false},"excerpt":{"rendered":"<p>[vc_row][vc_column width=\u00a0\u00bb1\/3&Prime;][vc_single_image image=\u00a0\u00bb1312&Prime; img_size=\u00a0\u00bblarge\u00a0\u00bb][\/vc_column][vc_column width=\u00a0\u00bb2\/3&Prime;][vc_custom_heading type=\u00a0\u00bbtheme_style\u00a0\u00bb text=\u00a0\u00bbAnniversaires\u00a0\u00bb font_container=\u00a0\u00bbtag:h2|text_align:left|color:%2315ace3&Prime; google_fonts=\u00a0\u00bbfont_family:Montserrat%3Aregular%2C700|font_style:400%20regular%3A400%3Anormal\u00a0\u00bb][vc_column_text]Envie d&rsquo;un anniversaire pas comme les autres ? F\u00eatez-le dans votre institut de bien-\u00eatre O Mains de Fey ! Nous sommes \u00e0 l&rsquo;\u00e9coute de toutes vos envies pour faire plaisir \u00e0 l&rsquo;un de vos proches, adulte ou enfant ![\/vc_column_text][\/vc_column][\/vc_row][vc_row][vc_column][vc_empty_space][\/vc_column][\/vc_row][vc_row][vc_column width=\u00a0\u00bb1\/3&Prime;][vc_single_image image=\u00a0\u00bb1313&Prime; img_size=\u00a0\u00bblarge\u00a0\u00bb][\/vc_column][vc_column width=\u00a0\u00bb2\/3&Prime;][vc_custom_heading type=\u00a0\u00bbtheme_style\u00a0\u00bb text=\u00a0\u00bbPersonnalisation pour couples\u00a0\u00bb [&hellip;]<\/p>\n","protected":false},"author":2,"featured_media":0,"parent":0,"menu_order":0,"comment_status":"closed","ping_status":"closed","template":"","meta":{"_monsterinsights_skip_tracking":false,"_monsterinsights_sitenote_active":false,"_monsterinsights_sitenote_note":"","_monsterinsights_sitenote_category":0},"_links":{"self":[{"href":"https:\/\/omainsdefey.fr\/index.php\/wp-json\/wp\/v2\/pages\/1311"}],"collection":[{"href":"https:\/\/omainsdefey.fr\/index.php\/wp-json\/wp\/v2\/pages"}],"about":[{"href":"https:\/\/omainsdefey.fr\/index.php\/wp-json\/wp\/v2\/types\/page"}],"author":[{"embeddable":true,"href":"https:\/\/omainsdefey.fr\/index.php\/wp-json\/wp\/v2\/users\/2"}],"replies":[{"embeddable":true,"href":"https:\/\/omainsdefey.fr\/index.php\/wp-json\/wp\/v2\/comments?post=1311"}],"version-history":[{"count":6,"href":"https:\/\/omainsdefey.fr\/index.php\/wp-json\/wp\/v2\/pages\/1311\/revisions"}],"predecessor-version":[{"id":1319,"href":"https:\/\/omainsdefey.fr\/index.php\/wp-json\/wp\/v2\/pages\/1311\/revisions\/1319"}],"wp:attachment":[{"href":"https:\/\/omainsdefey.fr\/index.php\/wp-json\/wp\/v2\/media?parent=1311"}],"curies":[{"name":"wp","href":"https:\/\/api.w.org\/{rel}","templated":true}]}}